4 + 0. Is b(-16) a prime number?
True
Suppose -201 = 2*d - 613. Suppose -205*y - 29897 = -d*y. Is y a composite number?
True
Let v = 225 - 264. Is 2 - (-72)/v - (-2663583)/169 a composite number?
False
Let d(k) = -805*k**2 + 4*k + 3. Let t be d(-1). Let u = t + 7469. Is u a composite number?
True
Suppose 5*b = -6*b + 88. Suppose 4*m + b*m = 48. Is (-4798)/(-6) + m/(-6) a composite number?
True
Is -6 - (138/23 + 1463036/(-4)) composite?
False
Let c(j) = 1650*j**2 + 5*j - 9. Let v(t) = -1100*t**2 - 3*t + 6. Let n(w) = w + 5. Let x be n(2). Let u(r) = x*v(r) + 5*c(r). Is u(1) composite?
True
Let s(l) = -13 + 68*l - 275*l - 126*l. Is s(-12) prime?
False
Suppose -265*p = -264*p - 39336. Suppose 14*v - p = -10*v. Is v a prime number?
False
Suppose 72 = 1658*a - 1660*a. Is 6*-24230*3/a composite?
True
Suppose -5*v + 21 = 4*j, 4*v = 27 - 7. Let t(o) = 970*o**2 - 3*o - 1 - 440*o**3 + 146*o**3 - 973*o**2. Is t(j) prime?
True
Suppose 4*l + 3*u = 11369, 13*u + 4 = 9*u. Suppose 17068 = 5*f - 4*m - l, f = -m + 3984. Is f composite?
True
Suppose -10*d = -0*d - 19*d + 1543419. Is d a composite number?
False
Let b = 215 - 211. Let p(c) be the second derivative of 91*c**3/6 + 15*c**2/2 + 5*c. Is p(b) a composite number?
False
Let v(a) = 2425*a - 193. Is v(18) a composite number?
False
Is 3/((-15)/35) + 41436 composite?
True
Let j be 0/(-5 + (-2)/(-2)). Let k(g) be the third derivative of -g**6/120 - g**5/60 - g**4/24 + 131*g**3/2 - 6*g**2. Is k(j) prime?
False
Let u(l) = -1122*l**2 - 50*l + 91. Let k(y) = 748*y**2 + 33*y - 60. Let m(x) = 8*k(x) + 5*u(x). Is m(2) composite?
False
Suppose -3*y + 180 = -3*g, -4*y + 0*g + 230 = g. Let u = 61 - y. Suppose -v - 1241 = -3*a, -u*v - 6 = -0*v. Is a a composite number?
True
Suppose 7508816 = 14*o - 23378642. Is o composite?
False
Let k(g) be the first derivative of -g**3/3 - 7*g**2/2 + 379*g - 106. Is k(0) composite?
False
Let z = 18193 + 18270. Is z composite?
True
Suppose 4*r = 12 + 36. Let y(w) = 2*w**2 - 15*w - 17. Is y(r) a prime number?
False
Suppose 5*m - 3 - 2 = 0. Let n(t) = m + 22*t**2 - 2 + 2 + t. Is n(-6) a composite number?
False
Suppose 294*k + 283*k - 677709 = 568*k. Is k a prime number?
False
Suppose 4*o - 23 = 37. Let t = -856 + 858. Is 6110/o + -6 - t/6 a composite number?
False
Let o = 5036 - 2018. Suppose o = 2*n - 7744. Is n a prime number?
True
Suppose 3*k + 5*s = -1 + 11, -23 = -5*k - 2*s. Suppose 391 = -k*j + 7376. Is j a prime number?
False
Let b(m) = -m**3 + 5*m - 4 + 0*m**2 - 3*m**2 + 13. Let f be b(-4). Suppose 0 = -f*g + 2103 + 1352. Is g composite?
False
Let b be (3/9*12 + 4)/2. Suppose -5*n = z + 12, n = 4*z + 3*n - 6. Suppose 3*a = -b*s + 2087, 5*a + 5*s = z*s + 3497. Is a prime?
True
Suppose 800*c - 138777768 + 28387698 = 15393130. Is c a composite number?
False
Suppose -2*t - t + 5*v - 8770 = 0, 2*t = -2*v - 5868. Let u = -52 - t. Is u a composite number?
True
Suppose 3*u - 464741 = -88*y + 83*y, -3*y + 278833 = -4*u. Is y a composite number?
True
Let o be 24/10*10/4 - -52022. Suppose -57*m + 55*m + o = 0. Is m prime?
False
Suppose 6*s - 7*s = 11. Let z be (s - -2)*4/12. Is (-4)/z - 24044/(-12) a prime number?
False
Let b(d) = 25*d**2 + 4*d + 92. Let f(m) = -13*m**2 - 3*m - 46. Let n(g) = 4*b(g) + 7*f(g). Is n(-12) a composite number?
True
Let a = 10012 - 5621. Is a a prime number?
True
Is (1 - -17784)/(185/74) a prime number?
False
Let p be (0/(-6))/(-3) + -8 + 1. Let v(z) = -1759*z - 24. Is v(p) a prime number?
True
Let h = 1266374 - -1481153. Is h a composite number?
False
Suppose -o + 104 = 3. Suppose -17 - o = -2*m. Suppose -m*r = -58*r - 209. Is r composite?
True
Let v be (8 + 54)*(-1 + 15)/(-2). Let h = -117 - v. Is h a prime number?
True
Let h = -247839 - -1000780. Is h prime?
False
Suppose 5*u + x - 1518216 = 0, 53*u - 48*u - 1518212 = 3*x. Is u composite?
False
Suppose 14*o - 7333 + 42011 = 0. Let u = o + 12514. Is u prime?
True
Let f(i) = -114*i**3 + 1 + 1 + 2*i**2 + 2*i + 3 - 4. Suppose -5*z = -5*n + 20, 5*z + 15 = 2*z. Is f(n) composite?
True
Suppose -20*z + 12 = -68. Suppose -z*d - 24105 = -7*d. Is d a composite number?
True
Suppose 0 = 5*q + 3*n - 19, -5*n + 15 = 7*q - 2*q. Suppose -10*y - 3915 = -q*y. Let j = y - -1484. Is j a prime number?
True
Let l(o) = 3*o + 18. Suppose -5*h = 6*b - 5*b + 38, 0 = 4*h + 4*b + 40. Let p be l(h). Let c(i) = -44*i - 9. Is c(p) prime?
False
Let f be 8 - -1*(7 - 15). Suppose 0 = 2*y, f = 2*g - y - 1184 - 4778. Is g prime?
False
Suppose 5*l = -h + 231854, 2*h - 2*l - 42382 - 421338 = 0. Is h composite?
False
Let c(r) = -14*r + 8. Let v(g) = g**3 - 6*g**2 + 5*g - 7. Let u be (-1)/2*(-20)/2. Let k be v(u). Is c(k) a composite number?
True
Let o = 45 - 47. Is -7 + -68*317/o a prime number?
True
Suppose 23 = -5*z + 13. Let t be z - (3824/(-4) + 3). Suppose 2*m = -m + t. Is m prime?
True
Suppose -g - 4*g = 10. Let j be ((-109575)/(-6))/(-5) - g/4. Let d = -2291 - j. Is d prime?
True
Let q be 1082/8*(-8)/(-6)*3. Is (q/5)/(4/20*1) prime?
True
Let c(k) = 11*k**2 + 9*k + 6 - 2*k**2 - 1249*k**3 - k - 8*k**2 - k. Is c(-1) prime?
True
Suppose 0 = -12*u + 7*u - 2*h - 37, 3*u = 5*h - 16. Is u + (4112 - (-6 - -5)) a composite number?
True
Let w be (9501 + 6)/(-3)*(1 - 8). Suppose -w = -3*s - 12*v + 8*v, -22208 = -3*s + v. Is s prime?
False
Let f = 36427 - 23803. Suppose -h = -3*y - 3167, -8*y = -4*h - 7*y + f. Is h composite?
True
Let w(f) = 80232*f + 10417. Is w(7) composite?
False
Let k be (15687 - 5)*1/(-2). Let a = k - -11202. Suppose 3*c - a = 362. Is c prime?
False
Let i = -11811 + 29102. Is i a prime number?
True
Let p(o) = -233*o + 7. Let r be p(5). Let k = -2352 - r. Let h = k - -1685. Is h a composite number?
False
Suppose 0 = -14*c + 1652 - 294. Suppose 91*x + 12774 = c*x. Is x a composite number?
False
Let c = 91869 + -22319. Suppose -13*m - c + 303719 = 0. Is m prime?
True
Let v(b) be the first derivative of b**3/3 + 2*b**2 - 18*b + 19. Let d be v(5). Suppose d*u = 35*u - 8024. Is u prime?
False
Suppose -3*a - 4*g + 24 = -789, -840 = -3*a + 5*g. Let p = a + -196. Is p a prime number?
True
Is (114/(-342))/(456053/228027 - 2) a prime number?
False
Let c = 9 + -39. Let l be 1/(-1)*(-6)/(c/(-2935)). Suppose 0 = -18*y + 19*y - l. Is y a composite number?
False
Let n = 789557 - 402554. Is n a prime number?
False
Let m be 36/24 - (-7)/(-2) - -6786. Suppose 2*s - 6*s + m = 3*d, -2*d - 5105 = -3*s. Suppose 3*a - s = -3*h + 194, -3183 = -5*a + 2*h. Is a a prime number?
False
Suppose 160614 = -p + 7*p. Suppose -4*l + p = 2*k - 3*l, 4*l = -12. Suppose 4*f - k = -2*f. Is f prime?
False
Let s be 0 + -2 + 59 + 21/(-7). Suppose -t = -18 + s. Is ((-531)/t)/((-1)/(-44)) a composite number?
True
Let p be 3/(72/(-30) + 3). Is (p/5)/(18186/(-18187) - -1) a composite number?
True
Suppose -c = -v - 10, 3*v = -c - 3 + 21. Suppose 23*o - 62931 = c*o. Is o a prime number?
False
Is (-577047)/(-2) + 170/(-340) a prime number?
False
Suppose 14*n + 149*n - 44519701 = 0. Is n a composite number?
False
Let u = 11660 + -6523. Is u composite?
True
Suppose 63 = -2*k + 29. Is 144 - k - 4/1 a prime number?
True
Let n = -794083 + 1192500. Is n prime?
True
Suppose -7 = -2*l + 3*s, -5*l + s = 1 - 12. Let g(w) = 236*w - 23. Is g(l) a prime number?
True
Suppose u - 2 = 0, 2*u = g + 101718 - 365437. Is g a composite number?
False
Let w(k) = -k**3 + 21*k**2 - 24*k - 5. Let y be w(20). Let g be (-46)/(-10) - (y/25 - -3). Is (13/(260/(-8088)))/((-2)/g) a composite number?
True
Let k = -17084 + 61419. Let u = k - -25480. Is u composite?
True
Let o be (1/(-2))/(17/(-136)). Suppose -5*s + 1 = 2*x, -s + 2 = o*x - 3*x. Suppose -3*t - 550 = -p, -3*p = -4*p - x*t + 532. Is p a composite number?
False
Let s(d) = d**2 + 6*d - 53. Suppose -5*z + 49 = -u, 3*z + u - 4 = 27. Suppose 0 = z*h + 125 + 175. Is s(h) a composite number?
True
Let i be (20/(-12))/(((-2)/(-69))/(-2)). Let w be ((-3)/4)/(2 - i/60). Let d(b) = -88*b - 37. Is d(w) prime?
False
Let n = 485924 + -252507. Is n composite?
False
Suppose 2*d - d - 2 = 0. Suppose -j = -4*j + 18. Suppose 2*a - 599 = -5*k, -j*k + a + 474 = -d*k. Is k a composite number?
True
Let z(p) = 22 - 45 + 23 - 367*p + 10. Let n be z(-4). Suppose n = 5*m - 3*m. Is m composite?
False
Suppose -147*h + 4829488 = h - 834916. Is h a composite number?
False
Let k(h) 